{"id":2850,"date":"2023-04-26T16:36:35","date_gmt":"2023-04-26T14:36:35","guid":{"rendered":"https:\/\/sbcr.se\/?page_id=2850"},"modified":"2025-10-21T12:23:07","modified_gmt":"2025-10-21T10:23:07","slug":"vph","status":"publish","type":"page","link":"https:\/\/sbcr.se\/index.php\/for-vardgivare\/vph\/","title":{"rendered":"Modul VPH"},"content":{"rendered":"<button id=\"listenButton1\" class=\"responsivevoice-button\" type=\"button\" value=\"Play\" title=\"ResponsiveVoice Tap to Start\/Stop Speech\"><span>&#128266; Lyssna<\/span><\/button>\n        <script>\n            listenButton1.onclick = function(){\n                if(responsiveVoice.isPlaying()){\n                    responsiveVoice.cancel();\n                }else{\n                    responsiveVoice.speak(\"Om VPH Modul VPH i Svenska Barncancerregistret \u00e4r en modul f\u00f6r hematologiska sjukdomar i blodet. Modulen startade 2022 och har drygt 250 individer registrerade. Nationellt kvalitetsregister f\u00f6r barncancer, RCC VPH - V\u00e5rdplaneringsgruppen f\u00f6r Pediatrisk Hematologi, BLF-PHO Ansvarig f\u00f6r modul VPH: Dr Peter Priftakis (Stockholm) och Dr Ulf Tedg\u00e5rd (Lund) Kontakt forskningskoordinator: Kerstin Andersson (Stockholm) Kontakt\", \"Swedish Female\");\n                }\n            };\n        <\/script>\n    \n\n\n\n<h2 class=\"wp-block-heading\">Om VPH<\/h2>\n\n\n\n<p>Modul VPH i Svenska Barncancerregistret \u00e4r en modul f\u00f6r hematologiska sjukdomar i blodet. Modulen startade 2022 och har drygt 250 individer registrerade.<\/p>\n\n\n\n<p><a rel=\"noreferrer noopener\" style=\"color: #2d68c4;\" href=\"https:\/\/cancercentrum.se\/diagnosbehandling\/cancerdiagnoser\/barncancer\/kvalitetsregister.7366.html\" target=\"_blank\"><img decoding=\"async\" src=\"https:\/\/sbcr.se\/wp-content\/uploads\/2023\/03\/link16x16.png\"> &nbsp;Nationellt kvalitetsregister f\u00f6r barncancer, RCC<\/a><\/p>\n\n\n\n<p><a href=\"https:\/\/pho.barnlakarforeningen.se\/vardplaneringsgrupper\/vph-vardplaneringsgruppen-for-pediatrisk-hematologi\/\" data-type=\"URL\" data-id=\"https:\/\/pho.barnlakarforeningen.se\/vardplaneringsgrupper\/vph-vardplaneringsgruppen-for-pediatrisk-hematologi\/\" target=\"_blank\" rel=\"noreferrer noopener\" style=\"color: #2d68c4;\"><img decoding=\"async\" src=\"https:\/\/sbcr.se\/wp-content\/uploads\/2023\/03\/link16x16.png\"> &nbsp;VPH &#8211; V\u00e5rdplaneringsgruppen f\u00f6r Pediatrisk Hematologi, BLF-PHO<\/a><\/p>\n\n\n\n<p>Ansvarig f\u00f6r modul VPH: Dr Peter Priftakis (Stockholm) och Dr Ulf Tedg\u00e5rd (Lund)<\/p>\n\n\n\n<p>Kontakt forskningskoordinator: Kerstin Andersson (Stockholm)<\/p>\n\n\n\n<div class=\"wp-block-buttons is-layout-flex wp-block-buttons-is-layout-flex\">\n<div class=\"wp-block-button is-style-outline is-style-outline--1\"><a class=\"wp-block-button__link wp-element-button\" href=\"https:\/\/sbcr.se\/index.php\/kontakt\/\">Kontakt<\/a><\/div>\n<\/div>\n\n\n\n<p><\/p>\n\n\n\n<p><\/p>\n\n\n\n<p><\/p>\n","protected":false},"excerpt":{"rendered":"<p>Om VPH Modul VPH i Svenska Barncancerregistret \u00e4r en modul f\u00f6r hematologiska sjukdomar i blodet. Modulen startade 2022 och har drygt 250 individer registrerade. &nbsp;Nationellt kvalitetsregister f\u00f6r barncancer, RCC &nbsp;VPH &#8211; V\u00e5rdplaneringsgruppen f\u00f6r Pediatrisk Hematologi, BLF-PHO Ansvarig f\u00f6r modul VPH: Dr Peter Priftakis (Stockholm) och Dr Ulf Tedg\u00e5rd (Lund) Kontakt forskningskoordinator: Kerstin Andersson (Stockholm)<\/p>\n","protected":false},"author":1,"featured_media":0,"parent":4774,"menu_order":0,"comment_status":"closed","ping_status":"closed","template":"","meta":{"iawp_total_views":216,"footnotes":""},"class_list":["post-2850","page","type-page","status-publish","hentry"],"_links":{"self":[{"href":"https:\/\/sbcr.se\/index.php\/wp-json\/wp\/v2\/pages\/2850","targetHints":{"allow":["GET"]}}],"collection":[{"href":"https:\/\/sbcr.se\/index.php\/wp-json\/wp\/v2\/pages"}],"about":[{"href":"https:\/\/sbcr.se\/index.php\/wp-json\/wp\/v2\/types\/page"}],"author":[{"embeddable":true,"href":"https:\/\/sbcr.se\/index.php\/wp-json\/wp\/v2\/users\/1"}],"replies":[{"embeddable":true,"href":"https:\/\/sbcr.se\/index.php\/wp-json\/wp\/v2\/comments?post=2850"}],"version-history":[{"count":14,"href":"https:\/\/sbcr.se\/index.php\/wp-json\/wp\/v2\/pages\/2850\/revisions"}],"predecessor-version":[{"id":4603,"href":"https:\/\/sbcr.se\/index.php\/wp-json\/wp\/v2\/pages\/2850\/revisions\/4603"}],"up":[{"embeddable":true,"href":"https:\/\/sbcr.se\/index.php\/wp-json\/wp\/v2\/pages\/4774"}],"wp:attachment":[{"href":"https:\/\/sbcr.se\/index.php\/wp-json\/wp\/v2\/media?parent=2850"}],"curies":[{"name":"wp","href":"https:\/\/api.w.org\/{rel}","templated":true}]}}