{"id":2374,"date":"2023-03-16T17:04:36","date_gmt":"2023-03-16T16:04:36","guid":{"rendered":"https:\/\/sbcr.se\/?page_id=2374"},"modified":"2024-01-31T15:13:51","modified_gmt":"2024-01-31T14:13:51","slug":"spanska-sprak","status":"publish","type":"page","link":"https:\/\/sbcr.se\/index.php\/spanska-sprak\/","title":{"rendered":"Spanska spr\u00e5k"},"content":{"rendered":"<button id=\"listenButton1\" class=\"responsivevoice-button\" type=\"button\" value=\"Play\" title=\"ResponsiveVoice Tap to Start\/Stop Speech\"><span>&#128266; Lyssna<\/span><\/button>\n        <script>\n            listenButton1.onclick = function(){\n                if(responsiveVoice.isPlaying()){\n                    responsiveVoice.cancel();\n                }else{\n                    responsiveVoice.speak(\"Espa\u00f1ol\/Spanska Information till barn och ungdomar under 18 \u00e5r om Svenska BarncancerregistretINFORMACI\u00d3N PARA NI\u00d1OS Y J\u00d3VENES MENORES DE 18 A\u00d1OS SOBRE EL REGISTRO SUECO DE C\u00c1NCER INFANTIL Information till patienter \u00f6ver 18 \u00e5r\/ v\u00e5rdnadshavare om Svenska BarncancerregistretINFORMACI\u00d3N A LOS PACIENTES greater than18 A\u00d1OS\/TITULARES DE LA CUSTODIA ACERCA DEL REGISTRO SUECO DE C\u00c1NCER INFANTIL Information om fortsatt rapportering av uppgifter till Svenska BarncancerregistretINFORMACI\u00d3N SOBRE LA NOTIFICACI\u00d3N CONTINUA DE DATOS AL REGISTRO SUECO DE C\u00c1NCER INFANTIL (SVENSKA BARNCANCEREGISTER) Patientinformation\", \"Swedish Female\");\n                }\n            };\n        <\/script>\n    \n\n\n\n<h2 class=\"wp-block-heading\"><strong>Espa\u00f1ol\/Spanska<\/strong><\/h2>\n\n\n\n<ul class=\"wp-block-list\">\n<li>Information till barn och ungdomar under 18 \u00e5r om Svenska Barncancerregistret<br><a rel=\"noreferrer noopener\" target=\"_blank\" style=\"color: #2d68c4;\" href=\"https:\/\/www.cceg.ki.se\/documents\/Information%20om%20SBCR%2020191212\/spanska\/Information%20om%20SBCR%20pat%20under%2018%20ar%202019.12.11.pdf\">INFORMACI\u00d3N PARA NI\u00d1OS Y J\u00d3VENES MENORES DE 18 A\u00d1OS SOBRE EL REGISTRO SUECO DE C\u00c1NCER INFANTIL<\/a><br><br><\/li>\n\n\n\n<li>Information till patienter \u00f6ver 18 \u00e5r\/ v\u00e5rdnadshavare om Svenska Barncancerregistret<br><a rel=\"noreferrer noopener\" target=\"_blank\" href=\"https:\/\/www.cceg.ki.se\/documents\/Information%20om%20SBCR%2020191212\/spanska\/Information%20patienter-vardnadshavare%20om%20SBCR%202019.12.11.pdf\" style=\"color: #2d68c4;\">INFORMACI\u00d3N A LOS PACIENTES &gt;18 A\u00d1OS\/TITULARES DE LA CUSTODIA ACERCA DEL REGISTRO SUECO DE C\u00c1NCER INFANTIL<\/a><br><br><\/li>\n\n\n\n<li>Information om fortsatt rapportering av uppgifter till Svenska Barncancerregistret<br><a rel=\"noreferrer noopener\" target=\"_blank\" href=\"https:\/\/www.cceg.ki.se\/documents\/Information%20om%20SBCR%2020191212\/spanska\/Information%20fortsatt%20reg%20SBCR%20efter%2018%20ar%202019.12.11.pdf\" style=\"color: #2d68c4;\">INFORMACI\u00d3N SOBRE LA NOTIFICACI\u00d3N CONTINUA DE DATOS AL REGISTRO SUECO DE C\u00c1NCER INFANTIL (SVENSKA BARNCANCEREGISTER)<\/a><br><br><\/li>\n<\/ul>\n\n\n\n<h2 class=\"wp-block-heading\"><\/h2>\n\n\n\n<div class=\"wp-block-buttons is-layout-flex wp-block-buttons-is-layout-flex\">\n<div class=\"wp-block-button is-style-outline is-style-outline--1\"><a class=\"wp-block-button__link wp-element-button\" href=\"https:\/\/sbcr.se\/index.php\/for-registrerare\/\">Patientinformation<\/a><\/div>\n<\/div>\n","protected":false},"excerpt":{"rendered":"<p>Espa\u00f1ol\/Spanska<\/p>\n","protected":false},"author":1,"featured_media":0,"parent":0,"menu_order":0,"comment_status":"closed","ping_status":"closed","template":"","meta":{"iawp_total_views":7,"footnotes":""},"class_list":["post-2374","page","type-page","status-publish","hentry"],"_links":{"self":[{"href":"https:\/\/sbcr.se\/index.php\/wp-json\/wp\/v2\/pages\/2374","targetHints":{"allow":["GET"]}}],"collection":[{"href":"https:\/\/sbcr.se\/index.php\/wp-json\/wp\/v2\/pages"}],"about":[{"href":"https:\/\/sbcr.se\/index.php\/wp-json\/wp\/v2\/types\/page"}],"author":[{"embeddable":true,"href":"https:\/\/sbcr.se\/index.php\/wp-json\/wp\/v2\/users\/1"}],"replies":[{"embeddable":true,"href":"https:\/\/sbcr.se\/index.php\/wp-json\/wp\/v2\/comments?post=2374"}],"version-history":[{"count":4,"href":"https:\/\/sbcr.se\/index.php\/wp-json\/wp\/v2\/pages\/2374\/revisions"}],"predecessor-version":[{"id":3741,"href":"https:\/\/sbcr.se\/index.php\/wp-json\/wp\/v2\/pages\/2374\/revisions\/3741"}],"wp:attachment":[{"href":"https:\/\/sbcr.se\/index.php\/wp-json\/wp\/v2\/media?parent=2374"}],"curies":[{"name":"wp","href":"https:\/\/api.w.org\/{rel}","templated":true}]}}